 -9*c**2 + 2217*c + 1471. Calculate s(247).
-11
Let r(y) = 2956*y**2 + 82761*y - 61. Give r(-28).
135
Let n(f) = -f**2 + 59*f - 639. What is n(55)?
-419
Let i(d) = -5520*d**2 + 60723*d - 6. What is i(11)?
27
Let o(k) = k**2 - 4032*k + 2271331. What is o(677)?
-4
Let d(g) = -812*g - 23188. What is d(-29)?
360
Let b(t) = 6*t**2 - 3047*t + 272714. Give b(116).
-2
Let g(q) = 4*q**3 + q**2 - 215*q + 427. What is g(2)?
33
Let z(g) = 34906*g + 209408. Calculate z(-6).
-28
Let a(x) = -5982*x - 59576. What is a(-10)?
244
Let s(k) = -4073*k**2 - 12076*k - 11. What is s(-3)?
-440
Let k(j) = -374*j**2 + 2682*j - 2681. What is k(1)?
-373
Let n(m) = -513*m - 302688. Determine n(-590).
-18
Let v(x) = -51*x**2 + 5301*x + 318. Give v(104).
6
Let r(z) = -5*z**3 - 6*z**2 - 234*z - 469. What is r(-2)?
15
Let w(r) = -r**3 - 20*r**2 - 70*r + 99. What is w(-13)?
-174
Let b(c) = 288*c**3 - c**2 + 12*c + 12. Determine b(-1).
-289
Let b(k) = k**2 - 3*k - 32975. Determine b(183).
-35
Let v(c) = 29*c**2 - 21263*c + 4407. Determine v(733).
9
Let o(d) = 6*d**3 + 79*d**2 + 250*d - 62. Calculate o(-7).
1
Let j(m) = -12*m**3 - 56*m**2 + 52*m + 174. Give j(-5).
14
Let r(f) = -70*f**3 - 285*f**2 + 27*f + 264. What is r(-4)?
76
Let b(t) = 7*t**3 + 18*t**2 + 1446*t + 1442. Calculate b(-1).
7
Let q(b) = b**2 + 15590*b - 390414. Calculate q(25).
-39
Let o(i) = i**2 + 12854*i - 632212. Calculate o(49).
35
Let p(v) = -3*v**3 + 38*v**2 + 341*v - 76. Give p(-6).
-106
Let m(d) = 46*d - 12612. What is m(273)?
-54
Let b(w) = -301*w + 1218. Give b(6).
-588
Let g(l) = -63*l**2 - 14735*l + 1500. Give g(-234).
-138
Let y(l) = 2932*l - 58604. What is y(20)?
36
Let r(x) = x**3 - 199*x**2 - 2089*x - 227. Calculate r(209).
-18
Let a(u) = -3*u**2 - 1726*u + 8607. Determine a(5).
-98
Let y(j) = 6*j**3 - 5*j**2 + 4*j + 42. Calculate y(5).
687
Let m(q) = q**2 + 125*q - 9754. Calculate m(-196).
4162
Let y(t) = -62*t + 31556. Give y(509).
-2
Let f(v) = v**3 + 67*v**2 - 1723*v - 122556. What is f(-64)?
4
Let m(g) = 4*g**2 + 277*g - 807. Determine m(-60).
-3027
Let v(c) = 3814*c + 149451. Calculate v(-39).
705
Let u(l) = 145*l**2 - 1300*l + 5162. Give u(4).
2282
Let j(c) = 3*c**3 + 22*c**2 - 143*c + 5. What is j(5)?
215
Let y(l) = 3*l**2 + 219*l + 610. Give y(-70).
-20
Let i(r) = -2*r**2 + 393*r + 257084. What is i(470)?
-6
Let o(j) = -j**3 - 22*j**2 + 36*j - 64. Give o(-18).
-2008
Let r(i) = i**2 + 715*i + 7137. Give r(-10).
87
Let y(s) = 3396*s + 98529. Determine y(-29).
45
Let x(w) = 7892*w + 488353. Give x(-62).
-951
Let j(u) = -127*u**2 + 113*u + 1491. Determine j(-3).
9
Let z(k) = 18*k**3 - 10*k**2 + 15*k - 20. What is z(2)?
114
Let a(z) = 87*z**2 + 12*z + 29. Calculate a(-4).
1373
Let o(y) = 6362*y + 11845. Give o(-2).
-879
Let f(y) = y**2 + 148173*y - 889057. Give f(6).
17
Let t(w) = w**3 + 24*w**2 - 2*w - 36. Determine t(-9).
1197
Let t(l) = l**3 - 23*l**2 + 1960*l - 53599. Determine t(26).
-611
Let s(l) = -2*l**2 - 2551*l - 697523. Calculate s(-397).
6
Let f(o) = 157*o**2 - 37*o - 5. Give f(-2).
697
Let d(o) = -745*o + 30603. Give d(41).
58
Let y(n) = n**2 - 57*n - 23658. Determine y(185).
22
Let a(b) = -b**2 - 351*b - 30673. Determine a(-186).
17
Let p(l) = 23*l**2 + 670*l + 5644. What is p(-9)?
1477
Let s(w) = -7659*w**2 + 398262*w + 318. Calculate s(52).
6
Let u(n) = -4*n**2 - 13675*n - 163538. Calculate u(-12).
-14
Let h(m) = -703*m + 10627. Give h(15).
82
Let i(v) = 84*v + 3576. What is i(-62)?
-1632
Let v(q) = 2*q**2 + 1862*q + 298693. Calculate v(-725).
-7
Let z(o) = 9*o**2 + 2165*o + 103647. Give z(-66).
-39
Let p(y) = -y**3 - 47*y**2 + 360*y + 150. Give p(7).
24
Let l(j) = -3590*j**2 + 132837*j - 281. Determine l(37).
-22
Let x(v) = 5705*v**2 - 62766*v + 44. Determine x(11).
-77
Let d(k) = -7*k**3 + 133*k**2 - 589*k - 18. Determine d(12).
-30
Let d(u) = 15*u**3 + 119*u**2 + 218*u + 1649. What is d(-8)?
-159
Let o(t) = 56250*t - 1012524. What is o(18)?
-24
Let x(n) = 12*n**3 + 9477*n**2 - 2366*n + 3149. Determine x(-790).
-11
Let b(m) = 35*m**2 + 2962*m + 1864. What is b(-84)?
16
Let l(q) = 41*q**3 + 22*q**2 + 145*q + 7. Give l(-5).
-5293
Let w(k) = 626*k + 6699. Calculate w(-11).
-187
Let x(k) = -73396*k - 33395184. What is x(-455)?
-4
Let w(y) = 3091*y + 142192. What is w(-46)?
6
Let j(t) = 379*t**2 - 2172*t - 4379. Give j(-2).
1481
Let y(j) = 127319*j + 254639. What is y(-2)?
1
Let n(r) = 21*r - 1982. Calculate n(97).
55
Let b(q) = -38*q**2 + 287*q - 13. Give b(5).
472
Let w(j) = 26*j**3 + 537*j**2 - 205*j - 360. Determine w(-21).
-24
Let j(h) = 2*h**2 + 8437*h - 59233. Give j(7).
-76
Let r(i) = -44*i**3 - 22*i**2 + i - 2. Give r(1).
-67
Let m(t) = t**3 - 1443*t**2 + 4315*t + 30. Give m(3).
15
Let p(x) = x**3 - 49*x**2 - 141*x - 761. Determine p(52).
19
Let q(w) = -2733*w + 16609. Determine q(6).
211
Let d(m) = m**3 - 179*m**2 - 732*m + 131032. What is d(179)?
4
Let c(g) = -g**3 - 246*g**2 + 212*g - 8688. Determine c(-247).
-43
Let a(q) = -373*q + 110406. Give a(296).
-2
Let y(a) = 381*a**2 + 1132*a - 43. Determine y(-3).
-10
Let i(f) = -f**3 - 10*f**2 + 180*f - 14. What is i(-19)?
-185
Let z(s) = 398*s**3 - 3177*s**2 + 38*s - 752. What is z(8)?
0
Let r(b) = -9176*b + 605535. Give r(66).
-81
Let c(k) = -359*k + 12021. Give c(34).
-185
Let w(i) = 3*i**3 + 33*i**2 - 169*i - 1859. What is w(-11)?
0
Let c(x) = 23*x**2 + 2414*x + 79. What is c(-106)?
2623
Let l(g) = g**2 + 703*g + 57739. What is l(-608)?
-21
Let o(h) = -6*h**2 - 870*h + 501. Determine o(-141).
3885
Let h(c) = 2*c**3 - 493*c**2 - 248*c + 294. Calculate h(247).
47
Let q(h) = -87652*h - 263392. Determine q(-3).
-436
Let t(c) = 27*c**2 - 10015*c + 40026. Give t(4).
398
Let q(c) = -10033*c - 3060058. Determine q(-305).
7
Let m(a) = 2*a**2 + 74417*a + 743971. Give m(-10).
1
Let j(k) = 5*k**2 - 123720*k + 123712. Give j(1).
-3
Let m(x) = 853*x - 656. Determine m(-2).
-2362
Let z(h) = 195110*h + 9755524. Calculate z(-50).
24
Let w(r) = -r**3 + 3*r**2 - 163*r + 229. Give w(0).
229
Let j(i) = i**2 - 3603*i - 50635. What is j(-14)?
3
Let m(h) = -h**3 + 28*h**2 + 34*h + 135. Determine m(30).
-645
Let q(y) = y**3 + 341*y**2 - 443*y - 34701. Calculate q(-342).
-159
Let f(y) = 1193*y - 280251. What is f(235)?
104
Let q(l) = 37*l**3 + 3*l**2 - 44*l - 47. Determine q(-1).
-37
Let a(v) = -v**3 + 102*v**2 + 207*v - 153. Give a(104).
-257
Let t(s) = 394*s - 110265. Give t(280).
55
Let y(s) = -90872*s + 21. Give y(0).
21
Let j(r) = r**3 - 13*r**2 - 101*r - 288. Determine j(19).
-41
Let i(q) = q**3 - 65*q**2 - 511*q + 6086. Give i(71).
51
Let x(t) = 2*t**3 + 67*t**2 - 151*t + 82. Calculate x(-36).
-962
Let i(x) = 2*x**3 - 736*x**2 - 854*x + 314281. Give i(368).
9
Let x(z) = 1235*z + 19354. Determine x(-12).
4534
Let a(n) = -3*n**3 + 2*n**2 - 106*n + 861. Determine a(10).
-2999
Let a(o) = -256*o**3 + 28*o**2 - 22*o - 1. Determine a(1).
-251
Let p(l) = -15*l**2 + 9720*l + 58871. Calculate p(-6).
11
Let x(i) = 122*i**2 - 889*i + 891. What is x(1)?
124
Let r(x) = 8*x**3 + 255*x**2 + 656*x - 113. Give r(-3).
-2
Let j(c) = -c**3 + 39*c**2 + 68740*c - 2680867. What is j(39)?
-7
Let j(a) = a**3 + 65*a**2 + 981*a + 462. What is j(-42)?
-168
Let v(u) = 2152*u + 897319. What is v(-417)?
-65
Let b(n) = -2*n**2 - 1290*n - 202695. What is b(-271)?
13
Let h(b) = b**2 + 140*b + 3975. Give h(-37).
164
Let w(d) = d**3 + 38*d**2 - 35*d + 159. Calculate w(-39).
3
Let w(a) = 217*a**2 - 356*a - 175. Determine w(2).
-19
Let p(v) = 72*v**2 + 500*v + 491. What is p(-5)?
-209
Let y(g) = -5*g**2 - 9678*g - 77090. Calculate y(-8).
14
Let k(s) = s**2 - 110*s + 1765. What is k(66)?
-1139
Let o(s) = 2*s**2 - 495*s + 150. Determine o(247).
-97
Let t(k) = 10*k**3 + 180*k**2 - 184*k - 3679. Determine t(-18).
-367
Let g(n) = 32*n**3 + 29*n**2 - 36*n + 8. Determine g(1).
33
Let i(v) = -133*v + 4108. What is i(29)?
251
Let v(g) = -5*g**2 + 492*g + 177. Calculate v(100).
-623
Let d(b) = b**3 + b**2 + 318*b + 6178. Determine d(-13).
16
Let g(x) = 26*x**2 - 396*x + 684. Determine g(16).
1004
Let t(x) = -4*x**3 - 171*x**2 - 141*x - 1544. What is t(-42)?
-914
Let j(a) = 945*a + 12932. What is j(-18)?
-4078
Let k(m) = m**2 - 545*m + 6702. Determine k(12).
306
Let u(n) = -n**3 - 21*n**2 - 254*n - 1717. Give u(-8).
-517
Let p(x) = 36*x**3 - 10*x**2 + 271*x - 1076. What is p(4)?
2152